
What is the ten thousands digit of 472311?
7
What is the hundreds digit of 2433085?
0
What is the hundreds digit of 1900420?
4
What is the tens digit of 27984?
8
What is the hundred thousands digit of 1703722?
7
What is the hundred thousands digit of 334844?
3
What is the ten millions digit of 25791363?
2
What is the hundreds digit of 1036928?
9
What is the millions digit of 8162977?
8
What is the units digit of 16284770?
0
What is the millions digit of 1867970?
1
What is the ten thousands digit of 5081754?
8
What is the hundred thousands digit of 1922370?
9
What is the hundred thousands digit of 7054703?
0
What is the tens digit of 23229?
2
What is the thousands digit of 195632?
5
What is the hundreds digit of 10942061?
0
What is the hundreds digit of 1795058?
0
What is the hundreds digit of 2601771?
7
What is the ten thousands digit of 1235423?
3
What is the hundreds digit of 224347?
3
What is the units digit of 91038?
8
What is the units digit of 147550?
0
What is the hundreds digit of 160219?
2
What is the ten thousands digit of 511333?
1
What is the units digit of 6524739?
9
What is the ten thousands digit of 11366862?
6
What is the tens digit of 103090?
9
What is the thousands digit of 3388206?
8
What is the hundreds digit of 4639335?
3
What is the millions digit of 1251339?
1
What is the units digit of 377134?
4
What is the millions digit of 2750326?
2
What is the thousands digit of 200961?
0
What is the ten thousands digit of 1284990?
8
What is the thousands digit of 636447?
6
What is the tens digit of 855667?
6
What is the hundreds digit of 217008?
0
What is the hundred thousands digit of 1237666?
2
What is the units digit of 55912?
2
What is the hundreds digit of 153154?
1
What is the millions digit of 2045905?
2
What is the hundred thousands digit of 1264817?
2
What is the hundred thousands digit of 5275373?
2
What is the ten thousands digit of 7916361?
1
What is the tens digit of 171199?
9
What is the tens digit of 866162?
6
What is the hundred thousands digit of 7893617?
8
What is the tens digit of 34867?
6
What is the thousands digit of 17438065?
8
What is the hundred thousands digit of 1368459?
3
What is the hundreds digit of 6844232?
2
What is the hundreds digit of 58688?
6
What is the millions digit of 26314158?
6
What is the ten thousands digit of 102670?
0
What is the units digit of 154036?
6
What is the tens digit of 9477?
7
What is the units digit of 15155113?
3
What is the tens digit of 3673767?
6
What is the thousands digit of 1605507?
5
What is the thousands digit of 626051?
6
What is the thousands digit of 441325?
1
What is the tens digit of 14588184?
8
What is the thousands digit of 4366490?
6
What is the ten thousands digit of 21936847?
3
What is the ten thousands digit of 70869?
7
What is the tens digit of 9792826?
2
What is the ten thousands digit of 37012458?
1
What is the hundreds digit of 15188389?
3
What is the hundreds digit of 1293944?
9
What is the thousands digit of 10629205?
9
What is the ten thousands digit of 315309?
1
What is the hundred thousands digit of 3432787?
4
What is the thousands digit of 13529818?
9
What is the hundred thousands digit of 7550226?
5
What is the thousands digit of 1246048?
6
What is the hundreds digit of 871539?
5
What is the ten thousands digit of 552287?
5
What is the millions digit of 1425622?
1
What is the tens digit of 320508?
0
What is the ten thousands digit of 1938015?
3
What is the hundreds digit of 800229?
2
What is the millions digit of 11342990?
1
What is the tens digit of 10412813?
1
What is the thousands digit of 183963?
3
What is the hundreds digit of 1125213?
2
What is the hundreds digit of 298443?
4
What is the thousands digit of 14735073?
5
What is the units digit of 147482?
2
What is the tens digit of 200808?
0
What is the thousands digit of 30145?
0
What is the thousands digit of 187867?
7
What is the thousands digit of 1072381?
2
What is the tens digit of 296019?
1
What is the hundreds digit of 19677?
6
What is the hundred thousands digit of 219149?
2
What is the thousands digit of 1029109?
9
What is the thousands digit of 16212?
6
What is the hundred thousands digit of 2392306?
3
What is the tens digit of 653124?
2
What is the hundreds digit of 22467669?
6
What is the millions digit of 1166312?
1
What is the thousands digit of 6848144?
8
What is the units digit of 618402?
2
What is the hundreds digit of 1121721?
7
What is the units digit of 1224647?
7
What is the thousands digit of 2237516?
7
What is the units digit of 219792?
2
What is the millions digit of 19153063?
9
What is the thousands digit of 614504?
4
What is the hundreds digit of 1662831?
8
What is the hundreds digit of 50555?
5
What is the hundreds digit of 24559?
5
What is the hundred thousands digit of 2175299?
1
What is the hundred thousands digit of 943215?
9
What is the hundred thousands digit of 3353347?
3
What is the units digit of 442290?
0
What is the units digit of 1394291?
1
What is the tens digit of 126421?
2
What is the tens digit of 743348?
4
What is the thousands digit of 220384?
0
What is the tens digit of 72995?
9
What is the ten thousands digit of 6468584?
6
What is the tens digit of 5547735?
3
What is the thousands digit of 535931?
5
What is the hundreds digit of 158241?
2
What is the units digit of 3051488?
8
What is the hundred thousands digit of 435473?
4
What is the hundreds digit of 7471?
4
What is the millions digit of 29621014?
9
What is the ten thousands digit of 1454432?
5
What is the thousands digit of 18198120?
8
What is the hundred thousands digit of 877100?
8
What is the thousands digit of 769996?
9
What is the hundreds digit of 8397580?
5
What is the thousands digit of 125227?
5
What is the thousands digit of 433603?
3
What is the millions digit of 4043829?
4
What is the ten thousands digit of 724329?
2
What is the thousands digit of 27678249?
8
What is the hundred thousands digit of 1276172?
2
What is the hundred thousands digit of 2787686?
7
What is the hundred thousands digit of 1118039?
1
What is the hundred thousands digit of 9773954?
7
What is the thousands digit of 8988507?
8
What is the ten thousands digit of 2645579?
4
What is the ten thousands digit of 24810?
2
What is the tens digit of 21806246?
4
What is the units digit of 2125358?
8
What is the hundreds digit of 1554718?
7
What is the millions digit of 4375649?
4
What is the thousands digit of 1595979?
5
What is the thousands digit of 23704976?
4
What is the hundred thousands digit of 2795022?
7
What is the millions digit of 5968775?
5
What is the tens digit of 630625?
2
What is the hundred thousands digit of 5939356?
9
What is the hundreds digit of 110976?
9
What is the hundreds digit of 18463160?
1
What is the units digit of 218881?
1
What is the hundred thousands digit of 1128642?
1
What is the units digit of 117505?
5
What is the units digit of 95205?
5
What is the millions digit of 37136242?
7
What is the hundreds digit of 184359?
3
What is the hundreds digit of 83701?
7
What is the hundred thousands digit of 9734136?
7
What is the thousands digit of 352074?
2
What is the tens digit of 206753?
5
What is the hundreds digit of 40951?
9
What is the ten millions digit of 21904946?
2
What is the tens digit of 615740?
4
What is the hundred thousands digit of 110753?
1
What is the hundreds digit of 734906?
9
What is the ten thousands digit of 68253?
6
What is the units digit of 54291?
1
What is the tens digit of 569616?
1
What is the hundreds digit of 123590?
5
What is the units digit of 12871085?
5
What is the ten thousands digit of 5565736?
6
What is the thousands digit of 252823?
2
What is the tens digit of 530380?
8
What is the tens digit of 232667?
6
What is the hundreds digit of 580768?
7
What is the units digit of 916432?
2
What is the units digit of 12717?
7
What is the units digit of 2730697?
7
What is the thousands digit of 280417?
0
What is the thousands digit of 411750?
1
What is the units digit of 1850715?
5
What is the millions digit of 2531419?
2
What is the units digit of 10087797?
7
What is the ten thousands digit of 8285881?
8
What is the hundred thousands digit of 549781?
5
What is the hundreds digit of 10822882?
8
What is the units digit of 631566?
6
What is the hundreds digit 